*a + 70 = 3*l. Calculate the remainder when l is divided by (-14)/(10/4*(-24)/60).
12
Let d be 2*(5 + -3) + -1 + 8. Suppose 4*m = -d*m + 315. Calculate the remainder when 39 is divided by m.
18
Let z(u) be the third derivative of 0*u**4 + 0*u - 5*u**2 - 2/3*u**3 + 0 + 13/60*u**5. What is the remainder when z(2) is divided by 25?
23
Let j = 34 + -7. Calculate the remainder when j is divided by -7*-4*(-4)/(-8).
13
Suppose 5*f + 20 = 0, -7*s - 17 = -4*s + 5*f. Let o = -40 + 41. Calculate the remainder when o is divided by s.
0
Suppose -2*y = -x + 14 - 15, -y + 5*x = -14. What is the remainder when 115 is divided by y*4/(-5) - (-7104)/120?
55
Let b = 479 - 209. Suppose 4*u + b = 7*u. Calculate the remainder when u is divided by 31.
28
What is the remainder when -2*(-4323)/22 + 8 is divided by 132?
5
Let h(d) = d**2 - d + 4. Let g be h(9). Let k = 110 + g. Calculate the remainder when k is divided by 47.
45
Suppose 0 = 10*v - 22*v + 480. What is the remainder when 110 is divided by v?
30
Let k be -1 + (-4)/(-3) + 28/(-21). Let a(x) = -47*x - 2. What is the remainder when 89 is divided by a(k)?
44
Let w = 198 + -191. Calculate the remainder when 96 is divided by w.
5
Let x = -79 + 91. Suppose 37 + 215 = x*q. Let a(h) = -31*h - 2. What is the remainder when a(-2) is divided by q?
18
Let k be -10*5/(-30)*3. Suppose 5*t - 453 = -f, 4*f + 0*f = -k*t + 462. What is the remainder when t is divided by 31?
28
Let m(z) = -z**3 - 9*z**2 - 2*z - 8. Let v be m(-9). What is the remainder when v/(-65) - (-2658)/39 is divided by 24?
20
Let r = 482 + -280. Suppose -2*m + 2*t = -r, -7*t = -4*t - 12. Calculate the remainder when m is divided by 27.
24
Suppose 2*q = 2*j + 4, -4*q + 19 = j - 4. Suppose -j*b + 32 = -b. Calculate the remainder when b is divided by 6.
4
Let k(u) = u**2 + u - 7. Let n(q) = q**2 - 7*q + 5*q + 3*q + 5. What is the remainder when k(-8) is divided by n(-4)?
15
Suppose 151*t = 136*t + 18435. Calculate the remainder when t is divided by 16.
13
Let s(d) = 72*d**2 - 2*d + 1. Calculate the remainder when s(1) is divided by 15.
11
Let b = 512 - 301. What is the remainder when b is divided by 43?
39
Let m = -1677 + 1690. What is the remainder when 660 is divided by m?
10
What is the remainder when 56 + (-3 - (-4)/2) + 5 is divided by (-1*16)/(2/(-4))?
28
Let s = -69 - -85. Calculate the remainder when 38 is divided by s.
6
Let l be (-68)/(-1)*(-24)/16. Let o = -51 - l. Let t = 2 + o. What is the remainder when t is divided by 18?
17
Calculate the remainder when 2*(-171)/(-9) + 1 is divided by 39.
0
Suppose 113 = 3*x + 2*y, 3*x - 3*y - 127 = 2*y. Let n(z) = z**3 - 12*z**2 + z - 16. Let o be n(12). What is the remainder when x is divided by (1 - -9) + 4 + o?
9
Let y(b) = 4*b - 38. What is the remainder when 128 is divided by y(12)?
8
Let h = 4 - 51. Let b = -28 - h. What is the remainder when b is divided by 10?
9
Let l be -14 - (5 + 32/(-4)). Let k = -5 - l. Calculate the remainder when 71 is divided by k.
5
Suppose 2*k = 2*q + 3*q + 319, 3*q = k - 157. What is the remainder when k is divided by 36?
28
Let g(k) = -3*k**2 - 3*k - 14. Let d(i) = 6*i**2 + 7*i + 27. Let y(r) = 3*d(r) + 5*g(r). Calculate the remainder when 96 is divided by y(-3).
16
Let m(v) = 27*v + 143. Calculate the remainder when 8 is divided by m(-5).
0
Suppose 3*a - 6*a = -21. Let i(q) = -q**3 + 14*q**2 + 6. Calculate the remainder when a is divided by i(14).
1
Let d = 9 + 13. Suppose 6*r + 5*g = 3*r - 3, r = -4*g - 8. Suppose -3*h + 441 = r*h. What is the remainder when h is divided by d?
19
Suppose -2*i + 7*c + 130 = 11*c, 5*c - 330 = -5*i. What is the remainder when 131 is divided by i?
64
Let u be -6*5/(-20)*2. Suppose 0 = -u*p - p + 124. What is the remainder when p is divided by 16?
15
Let l = -2 - -25. What is the remainder when l is divided by 21?
2
Let m be 2/6 - 40/(-15). Let b(y) = y**2 + y. What is the remainder when 34 is divided by b(m)?
10
Suppose 0 = 3*n - 2*d - 91, 9*n = 13*n - 3*d - 122. What is the remainder when 285 is divided by n?
24
Let k = 745 - 697. What is the remainder when 330 is divided by k?
42
Let q(u) = 120*u + 2179. Calculate the remainder when q(-17) is divided by 4/10 - 138/(-5).
27
Let l = 1 - -6. Suppose 5*z = 2*n + 53, -l*n = -6*n - 1. Let s = -4 - -22. What is the remainder when s is divided by z?
7
Suppose 5 = -2*w + 3*w. Suppose 2*n + 0*n = -4, w*q = n + 37. What is the remainder when 11 is divided by q?
4
Suppose 0 = -28*p + 59 + 221. What is the remainder when 53 is divided by p?
3
Let y(i) = i**2 - 3*i + 1. Let s(w) = 6*w + 2. Let h be s(1). What is the remainder when 121 is divided by y(h)?
39
Suppose -5*x - 3*u = -4*u - 33, 0 = 5*x - 5*u - 45. Let t = x + -3. Let h = 10 - t. What is the remainder when 12 is divided by h?
5
Suppose -3*h + 658 = x, -7*h - 1120 = -12*h + 3*x. What is the remainder when h is divided by 38?
31
Let d = 33 - 33. Suppose d*q + 138 = q. Calculate the remainder when q is divided by 14.
12
Let p(l) be the third derivative of 3*l**5/10 + l**4/4 + l**3 - 24*l**2. Calculate the remainder when 33 + 1*-1 - -1 is divided by p(-1).
15
Let v(d) = -d**3 - 10*d**2 + 3*d + 34. Let f be v(-10). Suppose -4*b = f*j - 88, -5*b = 4*j - 2*j - 44. Calculate the remainder when 130 is divided by j.
20
Let f(q) = -q**3 + 16*q**2 + 20*q - 12. Let z be -1 + 1 + 14 + 9 + -6. Calculate the remainder when f(z) is divided by 6.
3
Let q(v) = 0 + 2 + 2*v**2 + 14 - 9 + 4*v. Suppose 57 = 7*z - 4*z + 5*d, 5*d - 29 = -z. Calculate the remainder when q(-4) is divided by z.
9
Let m be 3/(-18)*-2*-21. Calculate the remainder when (m - -13)/(3*(-1)/(-8)) is divided by 5.
1
Suppose 2*v - 9*v = -903. Calculate the remainder when v is divided by 40.
9
Let r(c) = -c**3 - 16*c**2 - 3*c - 30. Let f be r(-16). Calculate the remainder when (-189)/f*(-4)/3 is divided by 3.
2
Let d(x) = -5*x**3 - 5*x**2 - 5*x - 1. Suppose 2*f + 8 = -l, -7 + 8 = -5*l + 3*f. What is the remainder when d(l) is divided by 13?
3
Let t be 21/14*8/6. Suppose t*o - 4*o = -860. Suppose 4*q - 86 = -f - q, 5*f - 2*q = o. Calculate the remainder when f is divided by 22.
20
Let j = -505 + 715. Suppose -5*v - 20 = -h, 7*v = 5*h + 4*v - j. What is the remainder when 222 is divided by h?
42
What is the remainder when ((-8)/(-20))/(-7 + 64449/9205) is divided by 19?
16
Suppose 364 = -175*v + 189*v. Calculate the remainder when 29 is divided by v.
3
Let o = -74 - -105. Let t(s) = -s**3 + 7*s**2 - 3*s - 14. Let k be t(6). Suppose 6*m - 100 + k = 0. What is the remainder when o is divided by m?
15
Suppose -4*g + 7 = -5. Calculate the remainder when (36/8)/g*54 is divided by 2*1 - (-152)/8.
18
Let h(x) = -x**3 + 6*x**2 + 11*x - 25. Calculate the remainder when h(3) is divided by 9.
8
Suppose -5*y = -39 - 46. Calculate the remainder when 29*(-3 + -2 - -7) is divided by y.
7
Let c(v) = v**2 - 15*v - 74. Let d = -4 + 8. Let a = d + 3. Calculate the remainder when c(-5) is divided by a.
5
Calculate the remainder when 130 is divided by -6*(430/(-40) + 3/(-12)).
64
Let l = 372 + -363. What is the remainder when 152 is divided by l?
8
Suppose 0 = 3*w - 2*d - 271, 14*w - 12*w - 174 = 3*d. What is the remainder when w is divided by 58?
35
Suppose 0 = -3*l - 4*x + 32, 0*x = 3*l - x - 37. Let r be 3 + 21 + 6/(-3). Let n = 55 - r. Calculate the remainder when n is divided by l.
9
Suppose 20 = 4*x, -2*k - x = -197 + 4. Suppose 0 = 2*z + 3*a - 45, 2*z - 2*a - 19 = 31. Calculate the remainder when k is divided by z.
22
Suppose -b - 20*v = -16*v - 11, 4*v = 3*b - 33. What is the remainder when 59 is divided by b?
4
Let j(b) = -b**2 + 6*b + 15. Let k(s) = s + 1. Let r(h) = j(h) + 6*k(h). What is the remainder when 62 is divided by r(12)?
20
Let u(h) = 2*h - 18. Let b be u(12). Suppose b*c = 4*c + 26. What is the remainder when 48 is divided by c?
9
Let c = 93 - 7. Calculate the remainder when c is divided by 9.
5
Suppose 0*y + 40 = 4*h + 5*y, -16 = -4*y. Suppose 0 = -2*t + h*j + 56, j - 5 - 81 = -5*t. Calculate the remainder when 51 is divided by t.
15
Let t(c) = 8*c**2 - 3*c + 3. Let q be t(1). Suppose -13*a + q*a + 285 = 5*u, -2*u = -a + 42. What is the remainder when 101 is divided by a?
49
Suppose 4*h + 404 = 4*l, 3*l - 4*l + 2*h + 105 = 0. Let m = 163 - l. Suppose 2*f + 3*n - 49 = 0, -4*n = -8 + 4. Calcula